{"id":471,"date":"2022-01-03T21:53:19","date_gmt":"2022-01-03T20:53:19","guid":{"rendered":"https:\/\/eveilvert.com\/?page_id=471"},"modified":"2022-01-03T22:11:55","modified_gmt":"2022-01-03T21:11:55","slug":"les-plantes-et-nous","status":"publish","type":"page","link":"https:\/\/eveilvert.com\/?page_id=471","title":{"rendered":"Les plantes et nous"},"content":{"rendered":"\t\t<div data-elementor-type=\"wp-page\" data-elementor-id=\"471\" class=\"elementor elementor-471\" data-elementor-settings=\"[]\">\n\t\t\t\t\t\t<div class=\"elementor-inner\">\n\t\t\t\t\t\t\t<div class=\"elementor-section-wrap\">\n\t\t\t\t\t\t\t<section class=\"elementor-section elementor-top-section elementor-element elementor-element-9e6e8b6 elementor-section-boxed elementor-section-height-default elementor-section-height-default\" data-id=\"9e6e8b6\" data-element_type=\"section\">\n\t\t\t\t\t\t<div class=\"elementor-container elementor-column-gap-default\">\n\t\t\t\t\t\t\t<div class=\"elementor-row\">\n\t\t\t\t\t<div class=\"elementor-column elementor-col-100 elementor-top-column elementor-element elementor-element-b9204a2\" data-id=\"b9204a2\" data-element_type=\"column\">\n\t\t\t<div class=\"elementor-column-wrap elementor-element-populated\">\n\t\t\t\t\t\t\t<div class=\"elementor-widget-wrap\">\n\t\t\t\t\t\t<div class=\"elementor-element elementor-element-57f116e elementor-widget elementor-widget-text-editor\" data-id=\"57f116e\" data-element_type=\"widget\" data-widget_type=\"text-editor.default\">\n\t\t\t\t<div class=\"elementor-widget-container\">\n\t\t\t\t\t\t\t\t<div class=\"elementor-text-editor elementor-clearfix\">\n\t\t\t\t<p>A Eveil Vert, nous sommes d&#8217;avis <strong>qu&#8217;il est pr\u00e9f\u00e9rable d&#8217;utiliser les plantes<\/strong> plut\u00f4t que les produits \u00e0 base de dimeticone, siloxane, paraben et autres EDTA (\u2026) dont l&#8217;usage peut-\u00eatre dangereux \u00e0 long terme.<\/p><p class=\"MsoNormal\"><strong>Nous avons \u00e0 c\u0153ur de vous partager la force et la douceur que M\u00e8re nature nous offre<\/strong> via l\u2019application de cataplasmes de plantes sur le cuir chevelu, agissant non seulement sur la structure du cheveu lui-m\u00eame mais sur l\u2019ensemble de l\u2019organisme.<\/p><p class=\"MsoNormal\">Des fleurs aux racines, des \u00e9corces aux feuilles, chaque plante offre un soin unique et adapt\u00e9 \u00e0 chacun de nous. Les plantes et les min\u00e9raux sont remplis de vertus, preuve de l\u2019amour que la nature nous porte, nous offrant une solution \u00e0 tous nos besoins. Ce t\u00e9moignage d\u2019amour pour nous se retrouve concentr\u00e9 dans les poudres de plantes que nous utilisons.<\/p><p class=\"MsoNormal\">La science a d\u00e9sormais prouv\u00e9 ce que nos anciens ont toujours affirm\u00e9 : <strong>que nous sommes tous reli\u00e9s<\/strong> et que nous poss\u00e9dons le m\u00eame ADN que les plantes et les min\u00e9raux, seul l\u2019ordre des lettres diff\u00e8re.<\/p>\t\t\t\t\t<\/div>\n\t\t\t\t\t\t<\/div>\n\t\t\t\t<\/div>\n\t\t\t\t\t\t<\/div>\n\t\t\t\t\t<\/div>\n\t\t<\/div>\n\t\t\t\t\t\t\t\t<\/div>\n\t\t\t\t\t<\/div>\n\t\t<\/section>\n\t\t\t\t<section class=\"elementor-section elementor-top-section elementor-element elementor-element-0e20e6b elementor-section-boxed elementor-section-height-default elementor-section-height-default\" data-id=\"0e20e6b\" data-element_type=\"section\">\n\t\t\t\t\t\t<div class=\"elementor-container elementor-column-gap-default\">\n\t\t\t\t\t\t\t<div class=\"elementor-row\">\n\t\t\t\t\t<div class=\"elementor-column elementor-col-100 elementor-top-column elementor-element elementor-element-8005212\" data-id=\"8005212\" data-element_type=\"column\">\n\t\t\t<div class=\"elementor-column-wrap elementor-element-populated\">\n\t\t\t\t\t\t\t<div class=\"elementor-widget-wrap\">\n\t\t\t\t\t\t<div class=\"elementor-element elementor-element-5f6b01a elementor-widget elementor-widget-image\" data-id=\"5f6b01a\" data-element_type=\"widget\" data-widget_type=\"image.default\">\n\t\t\t\t<div class=\"elementor-widget-container\">\n\t\t\t\t\t\t\t\t<div class=\"elementor-image\">\n\t\t\t\t\t\t\t\t\t\t\t\t<img loading=\"lazy\" decoding=\"async\" width=\"640\" height=\"426\" src=\"https:\/\/eveilvert.com\/wp-content\/uploads\/2022\/01\/plantes-eveil-vert.jpg\" class=\"attachment-large size-large\" alt=\"plantes eveil vert\" \/>\t\t\t\t\t\t\t\t\t\t\t\t\t\t<\/div>\n\t\t\t\t\t\t<\/div>\n\t\t\t\t<\/div>\n\t\t\t\t\t\t<\/div>\n\t\t\t\t\t<\/div>\n\t\t<\/div>\n\t\t\t\t\t\t\t\t<\/div>\n\t\t\t\t\t<\/div>\n\t\t<\/section>\n\t\t\t\t<section class=\"elementor-section elementor-top-section elementor-element elementor-element-6295ed7 elementor-section-boxed elementor-section-height-default elementor-section-height-default\" data-id=\"6295ed7\" data-element_type=\"section\">\n\t\t\t\t\t\t<div class=\"elementor-container elementor-column-gap-default\">\n\t\t\t\t\t\t\t<div class=\"elementor-row\">\n\t\t\t\t\t<div class=\"elementor-column elementor-col-100 elementor-top-column elementor-element elementor-element-8b17636\" data-id=\"8b17636\" data-element_type=\"column\">\n\t\t\t<div class=\"elementor-column-wrap elementor-element-populated\">\n\t\t\t\t\t\t\t<div class=\"elementor-widget-wrap\">\n\t\t\t\t\t\t<div class=\"elementor-element elementor-element-9765d8f elementor-widget elementor-widget-text-editor\" data-id=\"9765d8f\" data-element_type=\"widget\" data-widget_type=\"text-editor.default\">\n\t\t\t\t<div class=\"elementor-widget-container\">\n\t\t\t\t\t\t\t\t<div class=\"elementor-text-editor elementor-clearfix\">\n\t\t\t\t<p>En cons\u00e9quence de quoi, lorsque l\u2019on applique sur nos cheveux un cataplasme de plantes, il y a fusion. <strong>L\u2019amour de M\u00e8re nature entoure et prot\u00e8ge nos cheveux, fortifiant tout l\u2019organisme.<\/strong><\/p><p>Sur notre cuir chevelu se trouvent des points d\u2019acupression situ\u00e9s sur les m\u00e9ridiens. Ces derniers sont reli\u00e9s aux organes, de m\u00eame que les marmas, ces points qui sont reli\u00e9s aux chakras. <strong>Diff\u00e9rents centres \u00e9nerg\u00e9tiques de notre corps agissent \u00e9galement sur l\u2019ensemble de notre sant\u00e9.<\/strong><\/p><p><strong>Eveil Vert s&#8217;appuie sur la m\u00e9decine ayurv\u00e9dique qui s\u2019est construite il y a plus de 5000 ans sur le principe que chaque \u00eatre humain est unique.<\/strong> En cons\u00e9quence de quoi il doit \u00eatre soign\u00e9 d\u2019une mani\u00e8re personnalis\u00e9e.<\/p><p>La magie des plantes repose sur le fait qu&#8217;elles ont l\u2019intelligence d&#8217;agir par elles-m\u00eames. Nous ne r\u00e9agissons pas tous de la m\u00eame fa\u00e7on aux aliments, aux odeurs, aux rem\u00e8des. Car \u00eatre unique est un moyen tr\u00e8s intelligent que l\u2019univers \u00e0 cr\u00e9\u00e9 pour garder l\u2019\u00e9quilibre. <strong>Rejeter notre unicit\u00e9 et rentrer dans le moule cr\u00e9e donc des d\u00e9s\u00e9quilibres dans tout l\u2019univers.<\/strong> Deux personnes peuvent appliquer la m\u00eame couleur sur leurs cheveux, les plantes offriront toujours de jolies variantes respectant leurs besoins respectifs.<\/p><p><strong>C&#8217;est pourquoi \u00e0 Eveil vert, nous avons \u00e0 coeur de vous aider \u00e0 retrouver votre beaut\u00e9 authentique<\/strong> et \u00e0 l&#8217;exprimer d\u2019une fa\u00e7on saine et dans le respect de qui vous \u00eates.<\/p>\t\t\t\t\t<\/div>\n\t\t\t\t\t\t<\/div>\n\t\t\t\t<\/div>\n\t\t\t\t\t\t<\/div>\n\t\t\t\t\t<\/div>\n\t\t<\/div>\n\t\t\t\t\t\t\t\t<\/div>\n\t\t\t\t\t<\/div>\n\t\t<\/section>\n\t\t\t\t\t\t<\/div>\n\t\t\t\t\t\t<\/div>\n\t\t\t\t\t<\/div>\n\t\t","protected":false},"excerpt":{"rendered":"<p>A Eveil Vert, nous sommes d&#8217;avis qu&#8217;il est pr\u00e9f\u00e9rable d&#8217;utiliser les plantes plut\u00f4t que les produits \u00e0 base de dimeticone, siloxane, paraben et autres EDTA (\u2026) dont l&#8217;usage peut-\u00eatre dangereux \u00e0 long terme. Nous avons \u00e0 c\u0153ur de vous partager la force et la douceur que M\u00e8re nature nous offre via l\u2019application de cataplasmes de [&hellip;]<\/p>\n","protected":false},"author":1,"featured_media":0,"parent":0,"menu_order":0,"comment_status":"closed","ping_status":"closed","template":"","meta":{"_regular_price":[],"currency_symbol":[],"_vp_format_video_url":"","_vp_image_focal_point":[],"footnotes":""},"class_list":["post-471","page","type-page","status-publish","hentry"],"post_slider_layout_featured_media_urls":{"thumbnail":"","post_slider_layout_landscape_large":"","post_slider_layout_portrait_large":"","post_slider_layout_square_large":"","post_slider_layout_landscape":"","post_slider_layout_portrait":"","post_slider_layout_square":"","full":""},"_links":{"self":[{"href":"https:\/\/eveilvert.com\/index.php?rest_route=\/wp\/v2\/pages\/471","targetHints":{"allow":["GET"]}}],"collection":[{"href":"https:\/\/eveilvert.com\/index.php?rest_route=\/wp\/v2\/pages"}],"about":[{"href":"https:\/\/eveilvert.com\/index.php?rest_route=\/wp\/v2\/types\/page"}],"author":[{"embeddable":true,"href":"https:\/\/eveilvert.com\/index.php?rest_route=\/wp\/v2\/users\/1"}],"replies":[{"embeddable":true,"href":"https:\/\/eveilvert.com\/index.php?rest_route=%2Fwp%2Fv2%2Fcomments&post=471"}],"version-history":[{"count":10,"href":"https:\/\/eveilvert.com\/index.php?rest_route=\/wp\/v2\/pages\/471\/revisions"}],"predecessor-version":[{"id":486,"href":"https:\/\/eveilvert.com\/index.php?rest_route=\/wp\/v2\/pages\/471\/revisions\/486"}],"wp:attachment":[{"href":"https:\/\/eveilvert.com\/index.php?rest_route=%2Fwp%2Fv2%2Fmedia&parent=471"}],"curies":[{"name":"wp","href":"https:\/\/api.w.org\/{rel}","templated":true}]}}